{"id":1217,"date":"2020-12-14T02:34:52","date_gmt":"2020-12-13T23:34:52","guid":{"rendered":"http:\/\/shivartdesign.com\/services\/"},"modified":"2022-12-23T02:22:08","modified_gmt":"2022-12-22T23:22:08","slug":"tasarla","status":"publish","type":"page","link":"https:\/\/shivartdesign.com\/?page_id=1217&lang=tr","title":{"rendered":"Tasarla"},"content":{"rendered":"\t\t<div data-elementor-type=\"wp-page\" data-elementor-id=\"1217\" class=\"elementor elementor-1217 elementor-14\" data-elementor-post-type=\"page\">\n\t\t\t\t\t\t<section class=\"elementor-section elementor-top-section elementor-element elementor-element-881d7e4 elementor-section-boxed elementor-section-height-default elementor-section-height-default\" data-id=\"881d7e4\" data-element_type=\"section\">\n\t\t\t\t\t\t<div class=\"elementor-container elementor-column-gap-default\">\n\t\t\t\t\t<div class=\"elementor-column elementor-col-100 elementor-top-column elementor-element elementor-element-f714dcd\" data-id=\"f714dcd\" data-element_type=\"column\">\n\t\t\t<div class=\"elementor-widget-wrap elementor-element-populated\">\n\t\t\t\t\t\t<div class=\"elementor-element elementor-element-8a525a2 elementor-widget elementor-widget-heading\" data-id=\"8a525a2\" data-element_type=\"widget\" data-widget_type=\"heading.default\">\n\t\t\t\t<div class=\"elementor-widget-container\">\n\t\t\t<style>\/*! elementor - v3.23.0 - 05-08-2024 *\/\n.elementor-heading-title{padding:0;margin:0;line-height:1}.elementor-widget-heading .elementor-heading-title[class*=elementor-size-]>a{color:inherit;font-size:inherit;line-height:inherit}.elementor-widget-heading .elementor-heading-title.elementor-size-small{font-size:15px}.elementor-widget-heading .elementor-heading-title.elementor-size-medium{font-size:19px}.elementor-widget-heading .elementor-heading-title.elementor-size-large{font-size:29px}.elementor-widget-heading .elementor-heading-title.elementor-size-xl{font-size:39px}.elementor-widget-heading .elementor-heading-title.elementor-size-xxl{font-size:59px}<\/style><h2 class=\"elementor-heading-title elementor-size-default\">\u00c7ALI\u015eMA Y\u00d6NTEM\u0130M\u0130Z VE DENET\u0130M\u0130M\u0130ZLE \u0130LG\u0130L\u0130 KISA B\u0130LG\u0130<\/h2>\t\t<\/div>\n\t\t\t\t<\/div>\n\t\t\t\t\t<\/div>\n\t\t<\/div>\n\t\t\t\t\t<\/div>\n\t\t<\/section>\n\t\t\t\t<section class=\"elementor-section elementor-top-section elementor-element elementor-element-88d672e elementor-section-boxed elementor-section-height-default elementor-section-height-default\" data-id=\"88d672e\" data-element_type=\"section\">\n\t\t\t\t\t\t<div class=\"elementor-container elementor-column-gap-default\">\n\t\t\t\t\t<div class=\"elementor-column elementor-col-33 elementor-top-column elementor-element elementor-element-42189d8\" data-id=\"42189d8\" data-element_type=\"column\">\n\t\t\t<div class=\"elementor-widget-wrap elementor-element-populated\">\n\t\t\t\t\t\t<div class=\"elementor-element elementor-element-7d06b89 elementor-widget elementor-widget-image\" data-id=\"7d06b89\" data-element_type=\"widget\" data-widget_type=\"image.default\">\n\t\t\t\t<div class=\"elementor-widget-container\">\n\t\t\t<style>\/*! elementor - v3.23.0 - 05-08-2024 *\/\n.elementor-widget-image{text-align:center}.elementor-widget-image a{display:inline-block}.elementor-widget-image a img[src$=\".svg\"]{width:48px}.elementor-widget-image img{vertical-align:middle;display:inline-block}<\/style>\t\t\t\t\t\t\t\t\t\t<img fetchpriority=\"high\" decoding=\"async\" width=\"512\" height=\"512\" src=\"https:\/\/shivartdesign.com\/wp-content\/uploads\/2022\/11\/brief.webp\" class=\"attachment-full size-full wp-image-3532\" alt=\"\" srcset=\"https:\/\/shivartdesign.com\/wp-content\/uploads\/2022\/11\/brief.webp 512w, https:\/\/shivartdesign.com\/wp-content\/uploads\/2022\/11\/brief-300x300.webp 300w, https:\/\/shivartdesign.com\/wp-content\/uploads\/2022\/11\/brief-150x150.webp 150w\" sizes=\"(max-width: 512px) 100vw, 512px\" \/>\t\t\t\t\t\t\t\t\t\t\t\t\t<\/div>\n\t\t\t\t<\/div>\n\t\t\t\t<div class=\"elementor-element elementor-element-37cff63 elementor-widget elementor-widget-heading\" data-id=\"37cff63\" data-element_type=\"widget\" data-widget_type=\"heading.default\">\n\t\t\t\t<div class=\"elementor-widget-container\">\n\t\t\t<h2 class=\"elementor-heading-title elementor-size-default\">KISA B\u0130LG\u0130<\/h2>\t\t<\/div>\n\t\t\t\t<\/div>\n\t\t\t\t<div class=\"elementor-element elementor-element-dd94b85 elementor-widget elementor-widget-heading\" data-id=\"dd94b85\" data-element_type=\"widget\" data-widget_type=\"heading.default\">\n\t\t\t\t<div class=\"elementor-widget-container\">\n\t\t\t<h2 class=\"elementor-heading-title elementor-size-default\">M\u00fc\u015fteri isteklerini en do\u011fru \u015fekilde dinliyoruz<\/h2>\t\t<\/div>\n\t\t\t\t<\/div>\n\t\t\t\t<div class=\"elementor-element elementor-element-d542c52 elementor-widget elementor-widget-image\" data-id=\"d542c52\" data-element_type=\"widget\" data-widget_type=\"image.default\">\n\t\t\t\t<div class=\"elementor-widget-container\">\n\t\t\t\t\t\t\t\t\t\t\t\t\t<img decoding=\"async\" width=\"512\" height=\"512\" src=\"https:\/\/shivartdesign.com\/wp-content\/uploads\/2022\/11\/measurment.webp\" class=\"attachment-full size-full wp-image-3570\" alt=\"\" srcset=\"https:\/\/shivartdesign.com\/wp-content\/uploads\/2022\/11\/measurment.webp 512w, https:\/\/shivartdesign.com\/wp-content\/uploads\/2022\/11\/measurment-300x300.webp 300w, https:\/\/shivartdesign.com\/wp-content\/uploads\/2022\/11\/measurment-150x150.webp 150w\" sizes=\"(max-width: 512px) 100vw, 512px\" \/>\t\t\t\t\t\t\t\t\t\t\t\t\t<\/div>\n\t\t\t\t<\/div>\n\t\t\t\t<div class=\"elementor-element elementor-element-c673f04 elementor-widget elementor-widget-heading\" data-id=\"c673f04\" data-element_type=\"widget\" data-widget_type=\"heading.default\">\n\t\t\t\t<div class=\"elementor-widget-container\">\n\t\t\t<h2 class=\"elementor-heading-title elementor-size-default\">\u00d6L\u00c7\u00dc VE FOTO\u011eRAF KAYDI<\/h2>\t\t<\/div>\n\t\t\t\t<\/div>\n\t\t\t\t<div class=\"elementor-element elementor-element-63410f4 elementor-widget elementor-widget-heading\" data-id=\"63410f4\" data-element_type=\"widget\" data-widget_type=\"heading.default\">\n\t\t\t\t<div class=\"elementor-widget-container\">\n\t\t\t<h2 class=\"elementor-heading-title elementor-size-default\">Uzman ekip taraf\u0131ndan ke\u015fif yap\u0131yoruz.<\/h2>\t\t<\/div>\n\t\t\t\t<\/div>\n\t\t\t\t<div class=\"elementor-element elementor-element-3cbb73b elementor-widget elementor-widget-image\" data-id=\"3cbb73b\" data-element_type=\"widget\" data-widget_type=\"image.default\">\n\t\t\t\t<div class=\"elementor-widget-container\">\n\t\t\t\t\t\t\t\t\t\t\t\t\t<img decoding=\"async\" width=\"512\" height=\"512\" src=\"https:\/\/shivartdesign.com\/wp-content\/uploads\/2022\/11\/Design.webp\" class=\"attachment-full size-full wp-image-3575\" alt=\"\" srcset=\"https:\/\/shivartdesign.com\/wp-content\/uploads\/2022\/11\/Design.webp 512w, https:\/\/shivartdesign.com\/wp-content\/uploads\/2022\/11\/Design-300x300.webp 300w, https:\/\/shivartdesign.com\/wp-content\/uploads\/2022\/11\/Design-150x150.webp 150w\" sizes=\"(max-width: 512px) 100vw, 512px\" \/>\t\t\t\t\t\t\t\t\t\t\t\t\t<\/div>\n\t\t\t\t<\/div>\n\t\t\t\t<div class=\"elementor-element elementor-element-f2c109d elementor-widget elementor-widget-heading\" data-id=\"f2c109d\" data-element_type=\"widget\" data-widget_type=\"heading.default\">\n\t\t\t\t<div class=\"elementor-widget-container\">\n\t\t\t<h2 class=\"elementor-heading-title elementor-size-default\">TASARIM<\/h2>\t\t<\/div>\n\t\t\t\t<\/div>\n\t\t\t\t<div class=\"elementor-element elementor-element-55e837b elementor-widget elementor-widget-heading\" data-id=\"55e837b\" data-element_type=\"widget\" data-widget_type=\"heading.default\">\n\t\t\t\t<div class=\"elementor-widget-container\">\n\t\t\t<h2 class=\"elementor-heading-title elementor-size-default\">Autocad, yerle\u015fim planlar\u0131 ve ilham panosu<\/h2>\t\t<\/div>\n\t\t\t\t<\/div>\n\t\t\t\t\t<\/div>\n\t\t<\/div>\n\t\t\t\t<div class=\"elementor-column elementor-col-33 elementor-top-column elementor-element elementor-element-d7c072b\" data-id=\"d7c072b\" data-element_type=\"column\">\n\t\t\t<div class=\"elementor-widget-wrap elementor-element-populated\">\n\t\t\t\t\t\t<div class=\"elementor-element elementor-element-4796031 elementor-widget elementor-widget-image\" data-id=\"4796031\" data-element_type=\"widget\" data-widget_type=\"image.default\">\n\t\t\t\t<div class=\"elementor-widget-container\">\n\t\t\t\t\t\t\t\t\t\t\t\t\t<img loading=\"lazy\" decoding=\"async\" width=\"600\" height=\"899\" src=\"https:\/\/shivartdesign.com\/wp-content\/uploads\/2022\/11\/Services-1.webp\" class=\"attachment-full size-full wp-image-3528\" alt=\"\" srcset=\"https:\/\/shivartdesign.com\/wp-content\/uploads\/2022\/11\/Services-1.webp 600w, https:\/\/shivartdesign.com\/wp-content\/uploads\/2022\/11\/Services-1-200x300.webp 200w\" sizes=\"(max-width: 600px) 100vw, 600px\" \/>\t\t\t\t\t\t\t\t\t\t\t\t\t<\/div>\n\t\t\t\t<\/div>\n\t\t\t\t\t<\/div>\n\t\t<\/div>\n\t\t\t\t<div class=\"elementor-column elementor-col-33 elementor-top-column elementor-element elementor-element-ff74844\" data-id=\"ff74844\" data-element_type=\"column\">\n\t\t\t<div class=\"elementor-widget-wrap elementor-element-populated\">\n\t\t\t\t\t\t<div class=\"elementor-element elementor-element-5c8a609 elementor-widget elementor-widget-image\" data-id=\"5c8a609\" data-element_type=\"widget\" data-widget_type=\"image.default\">\n\t\t\t\t<div class=\"elementor-widget-container\">\n\t\t\t\t\t\t\t\t\t\t\t\t\t<img loading=\"lazy\" decoding=\"async\" width=\"512\" height=\"512\" src=\"https:\/\/shivartdesign.com\/wp-content\/uploads\/2022\/11\/working-documentation.webp\" class=\"attachment-full size-full wp-image-3582\" alt=\"\" srcset=\"https:\/\/shivartdesign.com\/wp-content\/uploads\/2022\/11\/working-documentation.webp 512w, https:\/\/shivartdesign.com\/wp-content\/uploads\/2022\/11\/working-documentation-300x300.webp 300w, https:\/\/shivartdesign.com\/wp-content\/uploads\/2022\/11\/working-documentation-150x150.webp 150w\" sizes=\"(max-width: 512px) 100vw, 512px\" \/>\t\t\t\t\t\t\t\t\t\t\t\t\t<\/div>\n\t\t\t\t<\/div>\n\t\t\t\t<div class=\"elementor-element elementor-element-7ff9e07 elementor-widget elementor-widget-heading\" data-id=\"7ff9e07\" data-element_type=\"widget\" data-widget_type=\"heading.default\">\n\t\t\t\t<div class=\"elementor-widget-container\">\n\t\t\t<h2 class=\"elementor-heading-title elementor-size-default\">\u00c7ALI\u015eMA DOK\u00dcMANTASYONU<\/h2>\t\t<\/div>\n\t\t\t\t<\/div>\n\t\t\t\t<div class=\"elementor-element elementor-element-d4e29c0 elementor-widget elementor-widget-heading\" data-id=\"d4e29c0\" data-element_type=\"widget\" data-widget_type=\"heading.default\">\n\t\t\t\t<div class=\"elementor-widget-container\">\n\t\t\t<h2 class=\"elementor-heading-title elementor-size-default\">Detayl\u0131 (3D g\u00f6rselle\u015ftirme), Excel Dosyas\u0131, \u0130malat detaylar\u0131n\u0131 haz\u0131rl\u0131yoruz.<\/h2>\t\t<\/div>\n\t\t\t\t<\/div>\n\t\t\t\t<div class=\"elementor-element elementor-element-96ce3d9 elementor-widget elementor-widget-image\" data-id=\"96ce3d9\" data-element_type=\"widget\" data-widget_type=\"image.default\">\n\t\t\t\t<div class=\"elementor-widget-container\">\n\t\t\t\t\t\t\t\t\t\t\t\t\t<img loading=\"lazy\" decoding=\"async\" width=\"512\" height=\"512\" src=\"https:\/\/shivartdesign.com\/wp-content\/uploads\/2022\/11\/Construction.webp\" class=\"attachment-full size-full wp-image-3589\" alt=\"\" srcset=\"https:\/\/shivartdesign.com\/wp-content\/uploads\/2022\/11\/Construction.webp 512w, https:\/\/shivartdesign.com\/wp-content\/uploads\/2022\/11\/Construction-300x300.webp 300w, https:\/\/shivartdesign.com\/wp-content\/uploads\/2022\/11\/Construction-150x150.webp 150w\" sizes=\"(max-width: 512px) 100vw, 512px\" \/>\t\t\t\t\t\t\t\t\t\t\t\t\t<\/div>\n\t\t\t\t<\/div>\n\t\t\t\t<div class=\"elementor-element elementor-element-d98d280 elementor-widget elementor-widget-heading\" data-id=\"d98d280\" data-element_type=\"widget\" data-widget_type=\"heading.default\">\n\t\t\t\t<div class=\"elementor-widget-container\">\n\t\t\t<h2 class=\"elementor-heading-title elementor-size-default\">\u0130N\u015eAAT<\/h2>\t\t<\/div>\n\t\t\t\t<\/div>\n\t\t\t\t<div class=\"elementor-element elementor-element-0daf791 elementor-widget elementor-widget-heading\" data-id=\"0daf791\" data-element_type=\"widget\" data-widget_type=\"heading.default\">\n\t\t\t\t<div class=\"elementor-widget-container\">\n\t\t\t<h2 class=\"elementor-heading-title elementor-size-default\">\u00dcretim , Tasar\u0131m kontroll\u00fck ve uygulama<\/h2>\t\t<\/div>\n\t\t\t\t<\/div>\n\t\t\t\t<div class=\"elementor-element elementor-element-39329a4 elementor-widget elementor-widget-image\" data-id=\"39329a4\" data-element_type=\"widget\" data-widget_type=\"image.default\">\n\t\t\t\t<div class=\"elementor-widget-container\">\n\t\t\t\t\t\t\t\t\t\t\t\t\t<img loading=\"lazy\" decoding=\"async\" width=\"512\" height=\"512\" src=\"https:\/\/shivartdesign.com\/wp-content\/uploads\/2022\/11\/Delivery.webp\" class=\"attachment-full size-full wp-image-3596\" alt=\"\" srcset=\"https:\/\/shivartdesign.com\/wp-content\/uploads\/2022\/11\/Delivery.webp 512w, https:\/\/shivartdesign.com\/wp-content\/uploads\/2022\/11\/Delivery-300x300.webp 300w, https:\/\/shivartdesign.com\/wp-content\/uploads\/2022\/11\/Delivery-150x150.webp 150w\" sizes=\"(max-width: 512px) 100vw, 512px\" \/>\t\t\t\t\t\t\t\t\t\t\t\t\t<\/div>\n\t\t\t\t<\/div>\n\t\t\t\t<div class=\"elementor-element elementor-element-993da79 elementor-widget elementor-widget-heading\" data-id=\"993da79\" data-element_type=\"widget\" data-widget_type=\"heading.default\">\n\t\t\t\t<div class=\"elementor-widget-container\">\n\t\t\t<h2 class=\"elementor-heading-title elementor-size-default\">M\u00dcKEMMEL TESL\u0130MAT<\/h2>\t\t<\/div>\n\t\t\t\t<\/div>\n\t\t\t\t<div class=\"elementor-element elementor-element-a6368be elementor-widget elementor-widget-heading\" data-id=\"a6368be\" data-element_type=\"widget\" data-widget_type=\"heading.default\">\n\t\t\t\t<div class=\"elementor-widget-container\">\n\t\t\t<h2 class=\"elementor-heading-title elementor-size-default\">Zaman\u0131nda m\u00fckemmel teslimat<\/h2>\t\t<\/div>\n\t\t\t\t<\/div>\n\t\t\t\t\t<\/div>\n\t\t<\/div>\n\t\t\t\t\t<\/div>\n\t\t<\/section>\n\t\t\t\t<\/div>\n\t\t","protected":false},"excerpt":{"rendered":"<p>\u00c7ALI\u015eMA Y\u00d6NTEM\u0130M\u0130Z VE DENET\u0130M\u0130M\u0130ZLE \u0130LG\u0130L\u0130 KISA B\u0130LG\u0130 KISA B\u0130LG\u0130 M\u00fc\u015fteri isteklerini en do\u011fru \u015fekilde dinliyoruz \u00d6L\u00c7\u00dc VE FOTO\u011eRAF KAYDI Uzman ekip taraf\u0131ndan ke\u015fif yap\u0131yoruz. TASARIM Autocad, yerle\u015fim planlar\u0131 ve ilham panosu \u00c7ALI\u015eMA DOK\u00dcMANTASYONU Detayl\u0131 (3D g\u00f6rselle\u015ftirme), Excel Dosyas\u0131, \u0130malat detaylar\u0131n\u0131 haz\u0131rl\u0131yoruz. \u0130N\u015eAAT \u00dcretim , Tasar\u0131m kontroll\u00fck ve uygulama M\u00dcKEMMEL TESL\u0130MAT Zaman\u0131nda m\u00fckemmel teslimat<\/p>\n","protected":false},"author":3,"featured_media":0,"parent":0,"menu_order":0,"comment_status":"closed","ping_status":"closed","template":"","meta":{"footnotes":""},"class_list":["post-1217","page","type-page","status-publish","hentry"],"yoast_head":"<!-- This site is optimized with the Yoast SEO Premium plugin v19.5 (Yoast SEO v23.2) - https:\/\/yoast.com\/wordpress\/plugins\/seo\/ -->\n<title>Tasarla<\/title>\n<meta name=\"robots\" content=\"index, follow, max-snippet:-1, max-image-preview:large, max-video-preview:-1\" \/>\n<link rel=\"canonical\" href=\"https:\/\/shivartdesign.com\/?page_id=1217&lang=tr\" \/>\n<meta property=\"og:locale\" content=\"en_US\" \/>\n<meta property=\"og:type\" content=\"article\" \/>\n<meta property=\"og:title\" content=\"Tasarla\" \/>\n<meta property=\"og:description\" content=\"\u00c7ALI\u015eMA Y\u00d6NTEM\u0130M\u0130Z VE DENET\u0130M\u0130M\u0130ZLE \u0130LG\u0130L\u0130 KISA B\u0130LG\u0130 KISA B\u0130LG\u0130 M\u00fc\u015fteri isteklerini en do\u011fru \u015fekilde dinliyoruz \u00d6L\u00c7\u00dc VE FOTO\u011eRAF KAYDI Uzman ekip taraf\u0131ndan ke\u015fif yap\u0131yoruz. TASARIM Autocad, yerle\u015fim planlar\u0131 ve ilham panosu \u00c7ALI\u015eMA DOK\u00dcMANTASYONU Detayl\u0131 (3D g\u00f6rselle\u015ftirme), Excel Dosyas\u0131, \u0130malat detaylar\u0131n\u0131 haz\u0131rl\u0131yoruz. \u0130N\u015eAAT \u00dcretim , Tasar\u0131m kontroll\u00fck ve uygulama M\u00dcKEMMEL TESL\u0130MAT Zaman\u0131nda m\u00fckemmel teslimat\" \/>\n<meta property=\"og:url\" content=\"https:\/\/shivartdesign.com\/?page_id=1217&amp;lang=tr\" \/>\n<meta property=\"og:site_name\" content=\"SHIVART\" \/>\n<meta property=\"article:publisher\" content=\"https:\/\/www.facebook.com\/profile.php?id=100065242620259\" \/>\n<meta property=\"article:modified_time\" content=\"2022-12-22T23:22:08+00:00\" \/>\n<meta property=\"og:image\" content=\"http:\/\/shivartdesign.com\/wp-content\/uploads\/2022\/11\/brief.webp\" \/>\n<meta name=\"twitter:card\" content=\"summary_large_image\" \/>\n<script type=\"application\/ld+json\" class=\"yoast-schema-graph\">{\"@context\":\"https:\/\/schema.org\",\"@graph\":[{\"@type\":\"WebPage\",\"@id\":\"https:\/\/shivartdesign.com\/?page_id=1217&lang=tr\",\"url\":\"https:\/\/shivartdesign.com\/?page_id=1217&lang=tr\",\"name\":\"Tasarla\",\"isPartOf\":{\"@id\":\"https:\/\/shivartdesign.com\/#website\"},\"primaryImageOfPage\":{\"@id\":\"https:\/\/shivartdesign.com\/?page_id=1217&lang=tr#primaryimage\"},\"image\":{\"@id\":\"https:\/\/shivartdesign.com\/?page_id=1217&lang=tr#primaryimage\"},\"thumbnailUrl\":\"http:\/\/shivartdesign.com\/wp-content\/uploads\/2022\/11\/brief.webp\",\"datePublished\":\"2020-12-13T23:34:52+00:00\",\"dateModified\":\"2022-12-22T23:22:08+00:00\",\"breadcrumb\":{\"@id\":\"https:\/\/shivartdesign.com\/?page_id=1217&lang=tr#breadcrumb\"},\"inLanguage\":\"en-US\",\"potentialAction\":[{\"@type\":\"ReadAction\",\"target\":[\"https:\/\/shivartdesign.com\/?page_id=1217&lang=tr\"]}]},{\"@type\":\"ImageObject\",\"inLanguage\":\"en-US\",\"@id\":\"https:\/\/shivartdesign.com\/?page_id=1217&lang=tr#primaryimage\",\"url\":\"http:\/\/shivartdesign.com\/wp-content\/uploads\/2022\/11\/brief.webp\",\"contentUrl\":\"http:\/\/shivartdesign.com\/wp-content\/uploads\/2022\/11\/brief.webp\"},{\"@type\":\"BreadcrumbList\",\"@id\":\"https:\/\/shivartdesign.com\/?page_id=1217&lang=tr#breadcrumb\",\"itemListElement\":[{\"@type\":\"ListItem\",\"position\":1,\"name\":\"Home\",\"item\":\"https:\/\/shivartdesign.com\/\"},{\"@type\":\"ListItem\",\"position\":2,\"name\":\"Tasarla\"}]},{\"@type\":\"WebSite\",\"@id\":\"https:\/\/shivartdesign.com\/#website\",\"url\":\"https:\/\/shivartdesign.com\/\",\"name\":\"SHIVART\",\"description\":\"Interrior Design , Commercial Projects , Residential design , Renovation design\",\"publisher\":{\"@id\":\"https:\/\/shivartdesign.com\/#\/schema\/person\/ab770ca29440bc43d81f36ec7d2cbec3\"},\"potentialAction\":[{\"@type\":\"SearchAction\",\"target\":{\"@type\":\"EntryPoint\",\"urlTemplate\":\"https:\/\/shivartdesign.com\/?s={search_term_string}\"},\"query-input\":\"required name=search_term_string\"}],\"inLanguage\":\"en-US\"},{\"@type\":[\"Person\",\"Organization\"],\"@id\":\"https:\/\/shivartdesign.com\/#\/schema\/person\/ab770ca29440bc43d81f36ec7d2cbec3\",\"name\":\"Farshid Noorzadeh\",\"image\":{\"@type\":\"ImageObject\",\"inLanguage\":\"en-US\",\"@id\":\"https:\/\/shivartdesign.com\/#\/schema\/person\/image\/\",\"url\":\"https:\/\/shivartdesign.com\/wp-content\/uploads\/2022\/11\/cropped-Logo-PNG.png\",\"contentUrl\":\"https:\/\/shivartdesign.com\/wp-content\/uploads\/2022\/11\/cropped-Logo-PNG.png\",\"width\":1079,\"height\":414,\"caption\":\"Farshid Noorzadeh\"},\"logo\":{\"@id\":\"https:\/\/shivartdesign.com\/#\/schema\/person\/image\/\"},\"sameAs\":[\"https:\/\/www.facebook.com\/profile.php?id=100065242620259\",\"https:\/\/www.instagram.com\/shivart_design\/\",\"https:\/\/www.linkedin.com\/in\/shiva-kaffashzadeh-52176493\/\",\"https:\/\/www.youtube.com\/@shivartdesign2900\"]}]}<\/script>\n<!-- \/ Yoast SEO Premium plugin. -->","yoast_head_json":{"title":"Tasarla","robots":{"index":"index","follow":"follow","max-snippet":"max-snippet:-1","max-image-preview":"max-image-preview:large","max-video-preview":"max-video-preview:-1"},"canonical":"https:\/\/shivartdesign.com\/?page_id=1217&lang=tr","og_locale":"en_US","og_type":"article","og_title":"Tasarla","og_description":"\u00c7ALI\u015eMA Y\u00d6NTEM\u0130M\u0130Z VE DENET\u0130M\u0130M\u0130ZLE \u0130LG\u0130L\u0130 KISA B\u0130LG\u0130 KISA B\u0130LG\u0130 M\u00fc\u015fteri isteklerini en do\u011fru \u015fekilde dinliyoruz \u00d6L\u00c7\u00dc VE FOTO\u011eRAF KAYDI Uzman ekip taraf\u0131ndan ke\u015fif yap\u0131yoruz. TASARIM Autocad, yerle\u015fim planlar\u0131 ve ilham panosu \u00c7ALI\u015eMA DOK\u00dcMANTASYONU Detayl\u0131 (3D g\u00f6rselle\u015ftirme), Excel Dosyas\u0131, \u0130malat detaylar\u0131n\u0131 haz\u0131rl\u0131yoruz. \u0130N\u015eAAT \u00dcretim , Tasar\u0131m kontroll\u00fck ve uygulama M\u00dcKEMMEL TESL\u0130MAT Zaman\u0131nda m\u00fckemmel teslimat","og_url":"https:\/\/shivartdesign.com\/?page_id=1217&lang=tr","og_site_name":"SHIVART","article_publisher":"https:\/\/www.facebook.com\/profile.php?id=100065242620259","article_modified_time":"2022-12-22T23:22:08+00:00","og_image":[{"url":"http:\/\/shivartdesign.com\/wp-content\/uploads\/2022\/11\/brief.webp"}],"twitter_card":"summary_large_image","schema":{"@context":"https:\/\/schema.org","@graph":[{"@type":"WebPage","@id":"https:\/\/shivartdesign.com\/?page_id=1217&lang=tr","url":"https:\/\/shivartdesign.com\/?page_id=1217&lang=tr","name":"Tasarla","isPartOf":{"@id":"https:\/\/shivartdesign.com\/#website"},"primaryImageOfPage":{"@id":"https:\/\/shivartdesign.com\/?page_id=1217&lang=tr#primaryimage"},"image":{"@id":"https:\/\/shivartdesign.com\/?page_id=1217&lang=tr#primaryimage"},"thumbnailUrl":"http:\/\/shivartdesign.com\/wp-content\/uploads\/2022\/11\/brief.webp","datePublished":"2020-12-13T23:34:52+00:00","dateModified":"2022-12-22T23:22:08+00:00","breadcrumb":{"@id":"https:\/\/shivartdesign.com\/?page_id=1217&lang=tr#breadcrumb"},"inLanguage":"en-US","potentialAction":[{"@type":"ReadAction","target":["https:\/\/shivartdesign.com\/?page_id=1217&lang=tr"]}]},{"@type":"ImageObject","inLanguage":"en-US","@id":"https:\/\/shivartdesign.com\/?page_id=1217&lang=tr#primaryimage","url":"http:\/\/shivartdesign.com\/wp-content\/uploads\/2022\/11\/brief.webp","contentUrl":"http:\/\/shivartdesign.com\/wp-content\/uploads\/2022\/11\/brief.webp"},{"@type":"BreadcrumbList","@id":"https:\/\/shivartdesign.com\/?page_id=1217&lang=tr#breadcrumb","itemListElement":[{"@type":"ListItem","position":1,"name":"Home","item":"https:\/\/shivartdesign.com\/"},{"@type":"ListItem","position":2,"name":"Tasarla"}]},{"@type":"WebSite","@id":"https:\/\/shivartdesign.com\/#website","url":"https:\/\/shivartdesign.com\/","name":"SHIVART","description":"Interrior Design , Commercial Projects , Residential design , Renovation design","publisher":{"@id":"https:\/\/shivartdesign.com\/#\/schema\/person\/ab770ca29440bc43d81f36ec7d2cbec3"},"potentialAction":[{"@type":"SearchAction","target":{"@type":"EntryPoint","urlTemplate":"https:\/\/shivartdesign.com\/?s={search_term_string}"},"query-input":"required name=search_term_string"}],"inLanguage":"en-US"},{"@type":["Person","Organization"],"@id":"https:\/\/shivartdesign.com\/#\/schema\/person\/ab770ca29440bc43d81f36ec7d2cbec3","name":"Farshid Noorzadeh","image":{"@type":"ImageObject","inLanguage":"en-US","@id":"https:\/\/shivartdesign.com\/#\/schema\/person\/image\/","url":"https:\/\/shivartdesign.com\/wp-content\/uploads\/2022\/11\/cropped-Logo-PNG.png","contentUrl":"https:\/\/shivartdesign.com\/wp-content\/uploads\/2022\/11\/cropped-Logo-PNG.png","width":1079,"height":414,"caption":"Farshid Noorzadeh"},"logo":{"@id":"https:\/\/shivartdesign.com\/#\/schema\/person\/image\/"},"sameAs":["https:\/\/www.facebook.com\/profile.php?id=100065242620259","https:\/\/www.instagram.com\/shivart_design\/","https:\/\/www.linkedin.com\/in\/shiva-kaffashzadeh-52176493\/","https:\/\/www.youtube.com\/@shivartdesign2900"]}]}},"_links":{"self":[{"href":"https:\/\/shivartdesign.com\/index.php?rest_route=\/wp\/v2\/pages\/1217"}],"collection":[{"href":"https:\/\/shivartdesign.com\/index.php?rest_route=\/wp\/v2\/pages"}],"about":[{"href":"https:\/\/shivartdesign.com\/index.php?rest_route=\/wp\/v2\/types\/page"}],"author":[{"embeddable":true,"href":"https:\/\/shivartdesign.com\/index.php?rest_route=\/wp\/v2\/users\/3"}],"replies":[{"embeddable":true,"href":"https:\/\/shivartdesign.com\/index.php?rest_route=%2Fwp%2Fv2%2Fcomments&post=1217"}],"version-history":[{"count":0,"href":"https:\/\/shivartdesign.com\/index.php?rest_route=\/wp\/v2\/pages\/1217\/revisions"}],"wp:attachment":[{"href":"https:\/\/shivartdesign.com\/index.php?rest_route=%2Fwp%2Fv2%2Fmedia&parent=1217"}],"curies":[{"name":"wp","href":"https:\/\/api.w.org\/{rel}","templated":true}]}}